mmon divisor of 34893 and 9?
9
Calculate the greatest common divisor of 813658 and 146.
146
Calculate the greatest common factor of 860 and 18662.
86
Calculate the greatest common divisor of 80073 and 1197.
63
Calculate the highest common factor of 6994 and 884.
26
Calculate the greatest common divisor of 2895904 and 866.
866
Calculate the greatest common factor of 396 and 27423.
99
What is the highest common divisor of 450 and 108370?
10
Calculate the highest common factor of 240474 and 468.
78
Calculate the greatest common divisor of 1471477 and 124.
31
What is the highest common divisor of 44 and 6975980?
44
What is the greatest common factor of 4466 and 667?
29
What is the highest common divisor of 20767 and 1121?
19
Calculate the greatest common divisor of 1785 and 15555.
255
Calculate the greatest common factor of 2392 and 83408.
104
Calculate the greatest common divisor of 30212 and 2912.
364
What is the greatest common factor of 432 and 80?
16
Calculate the greatest common factor of 172 and 652.
4
What is the greatest common factor of 381780 and 1134?
378
What is the highest common divisor of 144235 and 1268?
317
What is the greatest common divisor of 679674 and 18?
6
What is the highest common divisor of 146828 and 32021?
781
What is the greatest common divisor of 117759 and 1173?
51
Calculate the highest common divisor of 3130 and 30.
10
Calculate the highest common divisor of 14442 and 279627.
249
Calculate the greatest common factor of 6 and 216873.
3
Calculate the highest common divisor of 100573 and 4059.
451
Calculate the greatest common factor of 2702 and 4802.
14
What is the greatest common factor of 7620 and 1020?
60
What is the greatest common divisor of 1930 and 100939?
193
Calculate the greatest common divisor of 81 and 53514.
27
Calculate the greatest common divisor of 98 and 4912166.
14
Calculate the highest common factor of 17 and 128503.
17
Calculate the greatest common factor of 1584 and 8162.
22
What is the highest common factor of 180 and 3410460?
180
Calculate the greatest common divisor of 10763 and 39527.
47
What is the highest common factor of 266 and 11984?
14
Calculate the greatest common factor of 37697 and 1012.
253
Calculate the greatest common divisor of 107802 and 8586.
954
What is the highest common factor of 153234 and 144?
18
Calculate the greatest common divisor of 340562 and 846.
94
Calculate the greatest common factor of 21516 and 6.
6
What is the greatest common factor of 95310 and 270?
270
Calculate the greatest common factor of 122419 and 718.
359
What is the highest common divisor of 101165 and 45?
5
What is the greatest common factor of 24 and 6429?
3
Calculate the highest common factor of 1723872 and 256.
32
What is the greatest common divisor of 630 and 4590?
90
What is the highest common divisor of 15 and 1524010?
5
Calculate the highest common divisor of 3105 and 9045.
135
What is the highest common divisor of 55 and 119284?
11
What is the greatest common factor of 1035 and 285?
15
Calculate the greatest common divisor of 299094 and 20192.
1262
What is the greatest common divisor of 1522 and 56?
2
Calculate the highest common factor of 8468 and 17228.
292
What is the highest common factor of 19276 and 1896?
316
Calculate the greatest common divisor of 34398 and 10530.
702
Calculate the greatest common factor of 534646 and 21.
7
What is the highest common factor of 12084 and 59736?
228
Calculate the greatest common divisor of 113 and 412563.
113
Calculate the greatest common divisor of 102 and 29121.
51
What is the highest common factor of 10526 and 19944?
554
What is the highest common factor of 20471 and 1952189?
1861
Calculate the highest common divisor of 4555492 and 876.
292
Calculate the highest common factor of 246980 and 40.
20
Calculate the highest common divisor of 404 and 5193218.
202
What is the highest common divisor of 396015 and 2805?
255
Calculate the highest common factor of 45018 and 206424.
1098
What is the greatest common divisor of 69495 and 1435?
205
What is the greatest common divisor of 257 and 164737?
257
Calculate the greatest common divisor of 3243 and 15933.
141
Calculate the highest common factor of 14 and 1662374.
14
What is the highest common factor of 5662 and 371606?
298
What is the greatest common factor of 270 and 6000?
30
What is the greatest common factor of 42 and 586803?
21
Calculate the highest common factor of 1106 and 65570.
158
What is the highest common factor of 43 and 259247?
43
Calculate the greatest common factor of 395 and 6985.
5
What is the greatest common divisor of 18039450 and 174?
174
Calculate the greatest common divisor of 301420 and 875.
35
What is the greatest common divisor of 34 and 42143?
17
Calculate the greatest common factor of 4613505 and 354.
177
What is the greatest common divisor of 178 and 2863486?
178
Calculate the highest common factor of 15920 and 400.
80
What is the greatest common divisor of 17391 and 687735?
1581
Calculate the highest common factor of 156 and 6312.
12
What is the greatest common factor of 793 and 710772?
61
Calculate the highest common factor of 12 and 55734.
6
Calculate the greatest common factor of 6048 and 39816.
504
What is the greatest common divisor of 3345 and 315?
15
What is the highest common divisor of 20 and 104290?
10
Calculate the greatest common divisor of 24312 and 1656.
24
Calculate the highest common divisor of 52484 and 632.
4
Calculate the highest common factor of 330 and 379038.
66
Calculate the greatest common divisor of 9665 and 1555.
5
What is the highest common factor of 74 and 572279?
37
What is the greatest common divisor of 12420 and 28746?
18
Calculate the greatest common divisor of 1122 and 13974.
102
Calculate the greatest common divisor of 40 and 46520.
40
What is the highest common divisor of 151 and 5537321?
151
Calculate the highest common divisor of 17941 and 5390.
77
Calculate the greatest common factor of 42354 and 1152.
18
Calculate the highest common factor of 9506 and 112.
14
Calculate the greatest common factor of 133 and 44016.
7
What is the greatest common factor of 15012 and 276?
12
Calculate the highest common factor of 67 and 3149.
67
Calculate the highest common factor of 18 and 13281714.
18
Calculate the greatest common divisor of 185012 and 92.
92
What is the highest common divisor of 2080 and 229320?
520
Calculate the greatest common factor of 5 and 108085.
5
Calculate the highest common factor of 44312 and 464.
232
What is the greatest common divisor of 141420 and 40?
20
What is the greatest common factor of 116 and 666362?
58
Calculate the highest common divisor of 175 and 67739.
7
What is the greatest common factor of 550660 and 220?
220
Calculate the greatest common factor of 536 and 4623.
67
What is the greatest common divisor of 572 and 528476?
52
Calculate the greatest common divisor of 15110 and 540.
10
What is the highest common factor of 8850 and 1780?
10
Calculate the greatest common divisor of 15525 and 189.
27
Calculate the greatest common divisor of 188357 and 26.
13
Calculate the greatest common divisor of 63136 and 8.
8
What is the highest common factor of 70868 and 112?
28
Calculate the greatest common factor of 728 and 115388.
364
Calculate the highest common factor of 1848 and 1349656.
616
What is the highest common divisor of 103599 and 243?
81
Calculate the highest common divisor of 242168 and 16.
8
What is the greatest common factor of 671 and 26587?
11
Calculate the greatest common divisor of 2304 and 752.
16
Calculate the highest common divisor of 12475 and 500.
25
Calculate the greatest common factor of 1905 and 375.
15
Calculate the highest common divisor of 21384 and 2133.
27
What is the greatest common divisor of 9290205 and 1437?
1437
Calculate the greatest common factor of 6149 and 2717.
143
What is the highest common divisor of 1137 and 281218?
379
Calculate the greatest common divisor of 88 and 504988.
44
Calculate the highest common divisor of 14 and 15482.
2
Calculate the highest common factor of 44807 and 1591.
37
Calculate the highest common divisor of 266 and 2489.
19
Calculate the greatest common divisor of 7 and 1162.
7
What is the highest common factor of 122314 and 92?
46
What is the highest common factor 